n 30722 is divided by 877?
27
Calculate the remainder when 48952916 is divided by 8226.
8216
Calculate the remainder when 84455244 is divided by 2345979.
0
What is the remainder when 493822 is divided by 33?
10
Calculate the remainder when 127825832 is divided by 4778.
4776
What is the remainder when 449271 is divided by 89841?
66
Calculate the remainder when 6854200 is divided by 3.
1
What is the remainder when 104321703 is divided by 2426086?
5
Calculate the remainder when 182118 is divided by 90304.
1510
Calculate the remainder when 3450488 is divided by 1313.
1237
What is the remainder when 18428234 is divided by 140?
34
What is the remainder when 418659 is divided by 571?
116
Calculate the remainder when 872563 is divided by 15161.
8386
Calculate the remainder when 134162 is divided by 2312.
66
Calculate the remainder when 270849 is divided by 4610.
3469
What is the remainder when 1234116 is divided by 378?
324
Calculate the remainder when 210111 is divided by 338.
213
What is the remainder when 2196 is divided by 2152?
44
Calculate the remainder when 1580451 is divided by 648.
627
Calculate the remainder when 552295 is divided by 3346.
205
Calculate the remainder when 3259430 is divided by 1742.
148
Calculate the remainder when 15343265 is divided by 2377.
2107
Calculate the remainder when 323491 is divided by 219.
28
Calculate the remainder when 2780979 is divided by 12251.
2
What is the remainder when 380166 is divided by 695?
1
Calculate the remainder when 88579654 is divided by 4386.
4384
Calculate the remainder when 7396940 is divided by 1037.
19
What is the remainder when 1586630 is divided by 739?
736
What is the remainder when 5127932 is divided by 1170?
992
Calculate the remainder when 535353 is divided by 20589.
39
Calculate the remainder when 23975475 is divided by 3425067.
6
Calculate the remainder when 59437 is divided by 121.
26
Calculate the remainder when 106289914 is divided by 12.
10
Calculate the remainder when 66051206 is divided by 33025588.
30
Calculate the remainder when 11744 is divided by 2068.
1404
Calculate the remainder when 5230 is divided by 1212.
382
Calculate the remainder when 2812360 is divided by 1406164.
32
What is the remainder when 883194 is divided by 80290?
4
Calculate the remainder when 91898 is divided by 1347.
302
What is the remainder when 47475291 is divided by 189?
3
What is the remainder when 3215461 is divided by 5671?
4
Calculate the remainder when 3995358 is divided by 24.
6
What is the remainder when 870842 is divided by 68?
34
Calculate the remainder when 7246220 is divided by 39596.
152
Calculate the remainder when 3445236 is divided by 3951.
3915
What is the remainder when 84620 is divided by 5976?
956
Calculate the remainder when 358711594 is divided by 11.
10
Calculate the remainder when 170483 is divided by 316.
159
What is the remainder when 24134884 is divided by 24134878?
6
What is the remainder when 1953435 is divided by 54260?
75
What is the remainder when 71582363 is divided by 66?
17
What is the remainder when 750974453 is divided by 331?
329
What is the remainder when 800836 is divided by 1199?
1103
Calculate the remainder when 30789 is divided by 15372.
45
What is the remainder when 31760 is divided by 934?
4
Calculate the remainder when 25128469 is divided by 115268.
45
Calculate the remainder when 19173 is divided by 16204.
2969
Calculate the remainder when 13232036 is divided by 2031.
71
What is the remainder when 1466362 is divided by 19?
18
Calculate the remainder when 115916 is divided by 470.
296
What is the remainder when 11415959 is divided by 36825?
209
What is the remainder when 32253242 is divided by 78475?
17
Calculate the remainder when 16131449 is divided by 109.
103
What is the remainder when 4222236 is divided by 6246?
6186
Calculate the remainder when 30124831 is divided by 41.
40
What is the remainder when 263515440 is divided by 317?
314
What is the remainder when 625060 is divided by 124832?
900
What is the remainder when 613271 is divided by 122506?
741
What is the remainder when 7781910 is divided by 2105?
1830
What is the remainder when 11038885 is divided by 15?
10
What is the remainder when 1529588 is divided by 855?
848
Calculate the remainder when 899183 is divided by 712.
639
Calculate the remainder when 5222153 is divided by 23.
3
Calculate the remainder when 73066 is divided by 36247.
572
What is the remainder when 123493594 is divided by 41164523?
25
What is the remainder when 1532648 is divided by 3556?
12
What is the remainder when 4927834 is divided by 15209?
118
What is the remainder when 48843 is divided by 16226?
165
Calculate the remainder when 4053466 is divided by 1286.
1280
What is the remainder when 532609 is divided by 88750?
109
What is the remainder when 33704595 is divided by 16852263?
69
Calculate the remainder when 133325010 is divided by 21332.
10
What is the remainder when 44506077 is divided by 8?
5
Calculate the remainder when 144300 is divided by 5074.
2228
Calculate the remainder when 1934295 is divided by 841.
836
Calculate the remainder when 320086 is divided by 106640.
166
Calculate the remainder when 14072943 is divided by 12280.
63
What is the remainder when 15249938 is divided by 80?
18
Calculate the remainder when 582493028 is divided by 918.
914
What is the remainder when 69275986 is divided by 798?
10
Calculate the remainder when 1624176 is divided by 19.
18
Calculate the remainder when 21263083 is divided by 389.
343
What is the remainder when 44136 is divided by 4120?
2936
Calculate the remainder when 544714 is divided by 4560.
2074
What is the remainder when 18949 is divided by 4734?
13
Calculate the remainder when 74797403 is divided by 5753645.
18
Calculate the remainder when 15196 is divided by 53.
38
What is the remainder when 3110217 is divided by 1319?
15
What is the remainder when 51167 is divided by 2410?
557
Calculate the remainder when 44174 is divided by 5659.
4561
Calculate the remainder when 628713123 is divided by 338.
337
Calculate the remainder when 9532133 is divided by 9532115.
18
Calculate the remainder when 425733079 is divided by 292.
291
What is the remainder when 1358556 is divided by 59063?
107
What is the remainder when 129945 is divided by 2492?
361
What is the remainder when 394851 is divided by 23226?
9
Calculate the remainder when 132885072 is divided by 393.
375
What is the remainder when 50641 is divided by 4593?
118
Calculate the remainder when 3541365 is divided by 4226.
4203
What is the remainder when 273752677 is divided by 3373?
3370
What is the remainder when 31314006 is divided by 2871?
9
What is the remainder when 1565162 is divided by 195526?
954
Calculate the remainder when 46988 is divided by 7752.
476
Calculate the remainder when 10235550 is divided by 3444.
3426
What is the remainder when 2208 is divided by 346?
132
What is the remainder when 3412666 is divided by 137?
133
Calculate the remainder when 4747507 is divided by 418.
281
What is the remainder when 2456612 is divided by 818842?
86
Calculate the remainder when 98953 is divided by 1258.
829
Calculate the remainder when 20717139 is divided by 10358568.
3
Calculate the remainder when 1034253491 is divided by 135.
131
What is the remainder when 4616982 is divided by 4616970?
12
What is the remainder when 2117415 is divided by 26460?
615
What is the remainder when 32969922 is divided by 646469?
3
Calculate the remainder when 49659722 is divided by 415.
407
What is the remainder when 4076971 is divided by 3997?
31
Calculate the remainder when 15124 is divided by 1370.
54
What is the remainder when 1315979 is divided by 146219?
8
Calculate the remainder when 12536956 is divided by 4178963.
67
What is the remainder when 104799 is divided by 103634?
1165
Calculate the remainder when 582371 is divided by 1116.
935
What is the remainder when 181714 is divided by 2884?
22
Calculate the remainder when 529164 is divided by 52821.
954
What is the remainder when 293914 is divided by 9262?
6792
What is the remainder when 13324 is divided by 7144?
6180
Calculate the remainder when 1883892 is divided by 2438.
1756
Calculate the remainder when 5027015 is divided by 38.
33
Calculate the remainder when 605993 is divided b